= 440*s + 76. What is the highest common factor of 646 and s?
38
Suppose 6 = 2*m, 2*m - 173 = -4*p - 27. Calculate the greatest common factor of p and 35.
35
Suppose -5 = -a - v + 8, 0 = -4*v + 4. Calculate the highest common factor of 27 and a.
3
Let x = 91 + 194. What is the highest common factor of 15 and x?
15
Let f = -200 + 733. What is the greatest common factor of f and 13?
13
Suppose 2*n - w = 6 + 32, 3*n - 5*w = 50. Suppose -2*d - 10 = -n. Calculate the highest common factor of d and 5.
5
Let a be (-1434)/2*(-2)/6. Let f = a - 565. Let q = 551 + f. What is the greatest common divisor of 25 and q?
25
Let d be 2 - (-28)/(-20) - 611/(-65). Calculate the greatest common factor of d and 80.
10
Let y be 5*-1*7/(-5). Suppose -y*z + 2*z + 50 = 0. What is the highest common divisor of 70 and z?
10
Let p be (-1)/(9/2) - 8110/(-45). What is the greatest common factor of 36 and p?
36
Let p = -80 + 77. Let t be 6/24 - p/((-36)/(-1617)). What is the highest common factor of t and 15?
15
Let q be 21 - (6/14 + 8/14). Suppose k - 24 = q. Calculate the greatest common factor of 33 and k.
11
Suppose 0 = -4*q + 5*s - 404, -2*q + 7*s - 202 = 2*s. Let v = 169 + q. Suppose -i + 0*i = -v. What is the highest common factor of 170 and i?
34
Suppose -8*n = 85 - 645. What is the greatest common divisor of n and 40?
10
Let b = -52 + 169. Suppose -b = -2*m - 39. Calculate the greatest common factor of 13 and m.
13
Suppose f = -2*x + 116, 3*x + 0*x + 4*f = 184. What is the greatest common factor of 28 and x?
28
Suppose 145*s - 117*s - 3024 = 0. Calculate the greatest common factor of 40 and s.
4
Let d be (27819/27 + 3)*3/2. What is the greatest common factor of d and 50?
50
Let t be (-1 + 2)/(505/125 + -4). What is the highest common factor of 75 and t?
25
Let i(r) = -r + 21. Let b(d) = -d**2 - 6*d + 1. Let l be b(-5). Let t be 17/2 + 3/l. Let s be i(t). What is the highest common factor of 48 and s?
12
Let j(x) = 12*x - 5 + 5*x + 4*x + 2. Let y be j(1). Calculate the highest common factor of y and 144.
18
Let g be (-135)/2*(-776)/291. Let n = -68 + 104. Calculate the greatest common divisor of n and g.
36
Suppose b - 4*t - 144 = 0, -13*b - 4*t = -18*b + 688. Calculate the highest common divisor of 204 and b.
68
Suppose l + 0*l + 3*c = -2, 3*l - 5 = 2*c. Let t be (0 + 0)/((-6)/6). Let y = t - -1. What is the highest common factor of y and l?
1
Let j = -22 - -30. Let q be -10*(300/j)/(-5). What is the greatest common factor of q and 30?
15
Suppose w = -w - 12. Let c be (-140)/w*(-2 - -11). Let z be 1/5 - c/(-75). Calculate the greatest common divisor of 15 and z.
3
Suppose 249 = 4*z - 39. Suppose -3*u = -u - z. Calculate the highest common factor of u and 12.
12
Suppose -4*d = 2*o + 136, -3*d + 0*d = 2*o + 133. Let r = -23 - o. What is the greatest common factor of 52 and r?
13
Suppose -b + 3*g = -0*b - 10, 2*g + 8 = 0. Let r be b/(-14) + 612/28. What is the greatest common factor of r and 66?
22
Suppose 0 = 5*u - 242 - 228. Suppose 0 = 8*y - 16*y + 32. Suppose 1267 = y*n - 3*a, 3*n - 2*a = 857 + u. Calculate the greatest common factor of 29 and n.
29
Let a = 703 + -40. What is the highest common divisor of a and 39?
39
Suppose 39*j - 43*j + 235 = b, 5*j - 2*b = 310. Calculate the greatest common divisor of 132 and j.
12
Let x be (30 + -60)*(-4)/10. What is the greatest common divisor of 84 and x?
12
Let q = 1225 - 1087. What is the highest common divisor of 230 and q?
46
Suppose -3*r = -535 - 185. Suppose 9*n - r = 3*n. What is the highest common factor of n and 10?
10
Suppose -69*o + 62*o + 2261 = 0. Calculate the greatest common divisor of 17 and o.
17
Let k(u) = -43*u + 96. Let r be k(-16). What is the highest common divisor of r and 14?
14
Let c be (-6)/(-10) + (-2668)/(-145). Suppose 305 = v + c. Calculate the greatest common divisor of v and 26.
26
Suppose f = 4*f + 5*s - 24, -12 = -4*s. Calculate the greatest common divisor of 33 and f.
3
Let x be -1 - (-1 + -1)/(2/10). Let j be x + (-3)/(4/(-4)). Calculate the greatest common divisor of 24 and j.
12
Suppose 3*n = -2*c, 0*n - 16 = -4*c + 2*n. Suppose c*z + 3*z - 156 = 0. Calculate the greatest common factor of z and 65.
13
Let o = -320 + 153. Let y = -47 - o. Suppose -d - 120 = -9*d. What is the greatest common factor of y and d?
15
Suppose 5*d - 25 = 0, y - 2*d - 178 = 64. What is the greatest common divisor of y and 924?
84
Let p = 54 + -18. Let s(a) = 2*a**2 + 2*a. Let v(q) = q + 5. Let l be v(-8). Let t be s(l). What is the greatest common factor of t and p?
12
Suppose -3*f - 9 = -6*f. Suppose -42 - 102 = -f*p. What is the greatest common divisor of 6 and p?
6
Let r = 0 - -3. Suppose 0 = -7*b + 44 + 348. Suppose 5*p = -4*u + b, 0 = u + 3*u + 3*p - 48. What is the greatest common divisor of r and u?
3
Let n be (-1150)/(-6) + 5/15. Let m be (30/(-4))/((-36)/n). Calculate the greatest common divisor of 20 and m.
20
Suppose -4*n + 322 + 510 = 0. What is the greatest common factor of n and 26?
26
Let j = 241 - 214. Let w(g) = g**3 - 5*g**2 - 3*g + 1. Let k be w(5). Let v = k + j. Calculate the highest common divisor of 26 and v.
13
Let c = 663 - 600. What is the highest common divisor of c and 1596?
21
Let m be 1/(-3) + 55/3. Let q be (m/7)/((-8)/(-56)). Let r = q + 5. Calculate the highest common divisor of 161 and r.
23
Suppose 6*y = 841 + 413. Calculate the greatest common divisor of 11 and y.
11
Let l(h) = -h + 11. Suppose 5*q - 40 = -5*t, -t + q - 1 = -q. Let c be l(t). What is the greatest common factor of 16 and c?
2
Let u(x) be the second derivative of x - 1/2*x**3 + 0 + 1/12*x**4 - 3*x**2. Let c be u(6). What is the greatest common divisor of c and 4?
4
Let b be -1 + 1972/8 - (-24)/16. Calculate the highest common divisor of 39 and b.
13
Suppose 9*y - 15 = 3. Let c be (-1092)/(-54) - (y - (-48)/(-27)). What is the highest common factor of c and 4?
4
Let t(d) = -3*d - 31. Let h be t(-13). Suppose 0 = -n - 3*n. Suppose 4*b - 28 - 4 = n. What is the greatest common factor of h and b?
8
Suppose -11*g = -7*g + 4. Let k be g/(-3)*((-486)/6)/(-3). What is the greatest common factor of k and 3?
3
Suppose 0 = 3*w - 2*n - 64, -3*w + 77 = 4*n - 11. Suppose k - 5*g + 4 + 10 = 0, -3*g + 30 = 3*k. What is the greatest common divisor of w and k?
6
Let x(k) = 88*k**2 - 2. Let v be x(-2). What is the highest common divisor of v and 280?
70
Let m = 399 + -261. Calculate the highest common factor of 12 and m.
6
Suppose -9 = b - 3. Let q(k) = k**3 + 8*k**2 + 3*k + 1. Let t be q(b). What is the highest common divisor of t and 5?
5
Let d(x) = -4*x**2. Let g be d(1). Let f be (-3)/g + 810/72. Suppose -13*m + 16 = -f*m. What is the greatest common factor of 40 and m?
8
Let u be (174/8)/((-6)/(-8)). Suppose 5*r = l + 140, 2*l + 8 + u = r. Calculate the highest common factor of 9 and r.
9
Let r = 29 + -9. Suppose t - 5*t = -4*b + r, 32 = 5*b + 2*t. Let u = 121 - 55. What is the highest common divisor of b and u?
6
Let b be (-273)/(-28)*56/6. Let n = b + 165. What is the greatest common factor of 16 and n?
16
Let b = 15 + -3. Suppose -o - 4*v - 45 = -185, -o + 3*v = -126. What is the highest common divisor of b and o?
12
Let g = -51 + -20. Let h = -39 - g. Suppose -2*j = -7*j + 20. What is the highest common factor of h and j?
4
Let y be 1/2 - ((-125)/(-2) + 3). Let x = y + 83. Let s be (-2)/7 - 96/(-42). Calculate the greatest common factor of x and s.
2
Let w be 3/((-3)/(-115)) + -3. Calculate the highest common divisor of w and 21.
7
Let x(g) = -3*g**3 - g**2 + 2*g. Let y be x(-3). Suppose -5*d = 2*m - 77 + 19, 0 = -4*d - 24. What is the greatest common divisor of m and y?
22
Let v = -63 + 77. What is the greatest common divisor of 133 and v?
7
Let k(f) = -f + 4. Let r be k(4). Let t = r - -21. Suppose -7*p = 21 - 70. Calculate the greatest common divisor of p and t.
7
Let x = 0 - -3. Let k(h) = h**2. Let d(y) = -4*y**2 - 12. Let q(b) = -d(b) - 5*k(b). Let s be q(0). Calculate the greatest common factor of x and s.
3
Let v(o) = -8*o**3 - 2*o**2 - 2. Let b be v(-2). Suppose -2*l = -4*l + 72. What is the highest common factor of b and l?
18
Suppose -4*r - 95 = 5*m, -4*m - 4*r = 9 + 71. Let x(a) = -2*a - 20. Let w be x(m). Suppose -h + 38 + 2 = 0. What is the highest common factor of h and w?
10
Suppose 13 = 3*i + 4*a, -4